79. Suppose -m + y = 3*t, -t = -2*m + 4132 - 965. Is m a prime number?
False
Suppose 0 = 2*d - 36 - 42. Suppose -d*s = -30*s - 42183. Is s a prime number?
False
Let c(a) = -2*a**2 + 69*a. Let g be c(34). Let s(h) = 12*h**2 - 18*h + 125. Is s(g) prime?
False
Is ((-1)/(-9))/1 - 4845980248/(-6498) a prime number?
False
Suppose -16*j + 9622970 = 5*j - 15192877. Is j composite?
True
Let z be 647/5 + (-27)/(-45). Let q be 60/(-18)*1098/(-5). Let x = z + q. Is x a prime number?
False
Let g = -33 + 30. Let d be ((-6)/g)/(2/(-843)). Is 1/4 + d/(-4) a composite number?
False
Let h = 419882 + -56437. Is h a composite number?
True
Is (0 - (0 - -5))*43916/(-20) composite?
False
Let x = 82 + -26. Suppose i + 51 = x. Let p(m) = 179*m - 30. Is p(i) composite?
True
Let c = -11 - 7. Let a(q) = -q**3 - 9*q**2 - 4*q + 8. Let m be a(c). Suppose 2*y = -2*y + m. Is y prime?
False
Suppose 2*a + 2*q = 22 - 10, -10 = -5*a - q. Is a + 6728 + 0 - -2 a composite number?
True
Let t(u) be the first derivative of 5*u**2/2 - 27*u + 14. Let x be t(9). Suppose 0 = x*m - 21*m + 1689. Is m a prime number?
True
Let p = 28 + -27. Is (p - 72/(-40))/((-2)/(-1055)) a prime number?
False
Let s(o) = 2*o - 9. Let w be s(6). Suppose w*t - 7*t = 16. Is (t + 570/(-4))*-2 prime?
True
Let x = -225 + 145. Is 1868/(-6)*1320/x composite?
True
Let u(j) = -17361*j + 403. Is u(-6) a prime number?
False
Let o = 59 - 57. Suppose 3*y - 38 = o*f, 3*f - y + 3*y + 44 = 0. Is 104*5 + f + 17 a composite number?
False
Let l(o) = -5111*o - 50. Is l(-17) prime?
True
Let f be 1 + (-8 - -3) + 8. Is (115242/15)/(f/10) a prime number?
True
Suppose 150 = -5*n + 10*n. Suppose 0 = w + 4*m - n, -5*w = -2*w + 4*m - 58. Is 11182/w - (-7)/(-49)*-2 a prime number?
False
Suppose -y - 13723 - 134334 = -14*y. Is y a prime number?
False
Suppose 2 = -2*b + 4*b, 2*b - 2 = 4*h. Let k = 5 - 3. Suppose 3*y + 3 = h, k*v = -y + 3*y + 1344. Is v a prime number?
False
Let p(c) = 282204*c**2 - 18*c - 25. Is p(-1) a prime number?
False
Let z(q) = 23*q**3 - 3*q**2 + 106*q - 587. Is z(6) a prime number?
True
Suppose 4*w = -793*g + 798*g + 571381, -2*w = 5*g - 285713. Is w composite?
True
Is -3*(8 + -6) + 57953 prime?
True
Let d = 622712 + 306267. Is d prime?
True
Suppose -5*d = -4*s + 8795445, 4*s + 174*d = 177*d + 8795435. Is s composite?
True
Suppose 15*p + 103862 = 2*z + 14*p, -5*p - 103878 = -2*z. Is z a prime number?
True
Let k(x) = -x + 15. Let i be k(7). Suppose l + 15547 = i*l. Let r = l + -1148. Is r a prime number?
False
Let k(s) = -s**3 + 11*s - 1. Let o be k(-5). Suppose 66*a - o*a = -4227. Is a composite?
False
Let l = 1944933 + -678762. Is l composite?
True
Let u = 28221 - 18629. Suppose v - 2*w - 1618 = 139, 0 = -3*w. Suppose -9*y = -u - v. Is y prime?
False
Suppose 1 = 5*l - 24. Let j(q) = 7 + 40*q + 5 - 1 + 2 + 0. Is j(l) composite?
True
Suppose 781*o = 858*o - 29492771. Is o composite?
False
Let n(f) = f**3 - 8*f**2 + 4*f + 1. Let c = 21 + 15. Suppose 13*t - c = 9*t. Is n(t) a composite number?
True
Let w(k) = 6*k**2 - 10*k + 8. Let o be w(1). Suppose o*x - 4099 = -3*h + 2826, x - 3*h - 1750 = 0. Is x prime?
False
Let u = 10337 + -4778. Let n = u + -28. Is n composite?
False
Let s(a) = -33*a**2 + 20*a - 100. Let z(k) = -31*k**2 + 20*k - 101. Let h(r) = -4*s(r) + 3*z(r). Is h(6) a prime number?
True
Let u(c) = 1941*c**2 - 223*c + 1309. Is u(6) prime?
True
Let n(k) = 959*k - 4. Let m(w) = 330742*w - 744 - 975 + 81627*w. Let h(c) = 4*m(c) - 1719*n(c). Is h(1) composite?
True
Let v(t) = 2*t - 15 - 20 + 21 + t - 6*t**2 + t**3. Let k be v(6). Suppose -34 = -i - 5*c, c = -k*i - 4*c + 211. Is i a composite number?
False
Suppose 0 = -3*y + 7*y - 2748. Let c = 335 - 331. Suppose -c*d = -y - 1829. Is d a prime number?
False
Let t(q) = 390*q**2 + 17*q - 18. Suppose -5*u + 6*f - 20 = 11*f, -4*u - 5*f = 15. Is t(u) prime?
False
Let p(t) = -9*t**3 - 5*t**2 + 3*t - 9. Let y(v) = -18*v**3 - 10*v**2 + 5*v - 17. Let a = -42 - -31. Let j(w) = a*p(w) + 6*y(w). Is j(-4) a prime number?
False
Suppose 38771 = 2*n - 27993. Suppose -3*d = 5*k + n, 3*k + 3*d + 20034 = 6*d. Is k/(-4) - (-4)/(-16) composite?
False
Let k(h) = 156*h - 435*h + 47 - 16 - 133*h. Is k(-6) a composite number?
False
Let u(h) = -3*h**3 + 13*h**2 + 30*h + 23. Let m be u(14). Let a = -1882 - m. Is a composite?
False
Suppose 4*g + 38399 = 5*m, 0 = 3*g + 4*m + 5344 + 23494. Let i = -3993 - g. Suppose i = 4*l + 1169. Is l a composite number?
True
Suppose 3*l + 4*n - 2*n - 279 = 0, -2*n = 4*l - 370. Let t be (-45)/(-7) - 39/l. Suppose 118 = t*u + 34. Is u a prime number?
False
Let s(v) = -21*v + 8. Suppose 11*o + 2 = 46. Suppose 10 - o = -f. Is s(f) a prime number?
False
Suppose 43 - 201 = -4*q + 5*r, -5*q + 195 = -5*r. Let l = q - 57. Is l*(21/(-12) - 3) a composite number?
True
Suppose 3*t = 4*y - 14984, -4*y + t + 539 + 14437 = 0. Is y a composite number?
True
Suppose 2*i - 232734 = -40*w + 45*w, -581773 = -5*i - 3*w. Is i a prime number?
False
Let d be ((-5)/10)/(2 - (-103972)/(-51984)). Let g = d - 2993. Is g composite?
True
Let x = -56 + 56. Suppose 3*d - w - 17 = 0, x*d = 4*d + 4*w - 12. Is d/2*1908/30 a composite number?
True
Suppose -6*g + 68706 + 2976 = 0. Is g prime?
False
Suppose -290456 = -p - 1213*k + 1216*k, 3*p + 5*k = 871382. Is p prime?
False
Suppose -7*b - 19526 = -52201 - 33748. Is b composite?
True
Suppose -3*z = -3*d + 11683 + 5204, 0 = -3*z - 6. Is d composite?
True
Suppose 2*h + 6 = c, h - 4*c = c - 21. Is ((-1)/h)/(9/(-21132)*-4) prime?
True
Suppose 94*m - 5640288 - 1980386 = 0. Is m prime?
True
Let v(r) = -40*r + 4646. Let y be v(79). Suppose -3*a = 5*u - 13 - 1, 12 = 2*u - 2*a. Suppose -u*l - 5*c = -1323 - 1649, -2*l + y = -2*c. Is l composite?
False
Suppose 4*y - d = 2481397, 4*y + 177045 - 2658463 = -2*d. Is y a composite number?
False
Suppose 4*r = 334 - 342. Is (6/r + 1)*(-280698)/132 prime?
True
Let u(w) = -8*w**3 + 6*w**2 + 12*w + 6. Let v be u(-4). Let x = v - -1767. Is x a prime number?
True
Let b(y) = 13*y**3 - 4*y**2 + 22*y - 12. Suppose -4 = -5*c - 3*h + 15, -3*c = 4*h - 7. Is b(c) prime?
False
Suppose 4*u - 5949 = -f, 3*f + 5*u + 5880 = 23755. Is f a composite number?
True
Suppose 2*w - 8 = -y - 1, 3*y + 4 = -w. Let s(c) = 530*c + 22. Let x be s(w). Let d = x + -1201. Is d a prime number?
True
Let t be (10/45)/((-4)/(-18))*2833. Is (4 - 5)*t*-1 composite?
False
Let q(c) = c**3 + c**2 + c. Let d(s) = -3*s**3 - s**2 - 16*s - 13. Let p(y) = d(y) + 6*q(y). Is p(6) composite?
True
Suppose 6*q - 3*q = 0. Suppose 5*i = q, -3*i = 5*s - 8857 + 2357. Let x = -759 + s. Is x a composite number?
False
Suppose 215*n - 157*n + 351*n - 22902773 = 0. Is n a composite number?
False
Let s(k) = -3*k + 2*k + 4*k**2 + 51 - 18 + 5*k**2. Is s(7) a composite number?
False
Let r(m) = 3*m**3 - 7*m**2 - 2*m. Let g be r(4). Suppose -g = 4*d - 2*d. Is ((-538)/(-3) + 1)/((-12)/d) prime?
True
Let g(k) = -931*k**3 + 3*k**2 + 42*k - 25. Is g(-6) composite?
False
Suppose -b + 4*b = 9, 0 = 5*a - b - 7. Let l(s) = 111*s - 2 - 4 - 12 + 7. Is l(a) a prime number?
True
Suppose -696*d + 29615100 = -596*d. Is d a prime number?
False
Let k(z) = 5*z**2 + 53*z - 1. Let q(s) = 5*s**2 + 51*s - 3. Let g(m) = 4*k(m) - 3*q(m). Is g(14) a prime number?
True
Let p be (-4)/(-14)*6/((-48)/(-56)). Suppose p*n - 32995 = 3*a, 5*n = 3*n - 3*a + 33001. Is n composite?
True
Let w(s) = -8*s - 6. Let o(h) = -h + 1. Let a(u) = 4*o(u) - w(u). Let n be a(13). Suppose -4*l + 86 + 38 = 2*f, -2*l - 2*f = -n. Is l a prime number?
True
Suppose -m + 989 = -226. Let h = 783 - m. Let u = 1321 + h. Is u a composite number?
True
Let w = -550334 + 801663. Is w a prime number?
False
Suppose 0 = -4*z - 3*a + 500662, 18*z - 13*z - 625829 = -4*a. Is z prime?
False
Suppose 87403 = 2*d + 2*d + 5*v, d - 2*v = 21867. Suppose -10*o + 12*o = -5*b + 36423, -2*o = 3*b - d. Is b composite?
False
Let r = -153940 + 336319. Is r a prime number?
False
Suppose 2854 = 25*h - 13496. Let y = -413 + 798. Let g = h - y. Is g a composite number?
False
Suppose 6*s = -87735 - 15255. Let t = s - -30120. Is t prime?
False
Is (-2441852)/(-42) + (-5)/(-3) prime?
False
Let a(q) = 2*q**3 + 152*q**2 - 6*q - 63. Is a(-62) prime?
True
Let g be -1*3 + 64 + -1. Is (-171515)/(-10) + g/(-24) composite?
True
Let o be 2/(-4) + 18/(-24)*-78. Let a = 26